p + n = 0. What is the remainder when p is divided by 28?
25
Let j(p) = -p**2 - 83*p + 2191. Let q(r) = 2*r + 2*r**2 + 0*r + 3 + 4*r. What is the remainder when q(-4) is divided by j(-104)?
4
Suppose -3*l - 4*q + 215 = -0*q, -2*q - 8 = 0. Suppose -5*i + l = 2*w, -5 = -i + w - 4*w. What is the remainder when i is divided by ((-30)/(-9))/((-1)/(-3))?
7
Let c = -56 - -86. Let x = -7 + c. What is the remainder when 66 is divided by x?
20
Let h = 15 + -8. What is the remainder when (-4 + (2 - h))*1*-7 is divided by 8?
7
Let k = 648 + -541. Calculate the remainder when k is divided by 38.
31
Let f be 3/(6/(-173)) + 9/6. Let w = f - -112. Calculate the remainder when 107 is divided by w.
26
Suppose 3*t - 23 = 7. Calculate the remainder when (29 - 12) + 0/(-2) is divided by t.
7
Suppose -6*v + 13*v = 238. Let p(j) = 4*j**2 + 7*j + 1. Calculate the remainder when p(-5) is divided by v.
32
Suppose -26*i = -30*i + 2*g + 86, 3*g = 2*i - 37. What is the remainder when i is divided by (1 - -13)*6/7?
11
Suppose 0 = 16*m - 12 - 804. Calculate the remainder when m is divided by 16.
3
Let l be (289 - -2)*(-2 - 7/(-3)). Suppose -4*r = -l + 17. Calculate the remainder when 39 is divided by r.
19
Suppose 2*i - 4*j + 12 = 0, -3*i + 2 - 4 = -2*j. Suppose -i*x - 5*f + 70 = 2*x, 3*x - 47 = -f. Calculate the remainder when 28 is divided by x.
13
Let f be -1*30/(-2) + 2. Let i = f + -6. Let k = 638 - 617. Calculate the remainder when k is divided by i.
10
Let z = 13 - -7. Calculate the remainder when (-10)/z*(-3 - -1) is divided by 1.
0
Let i(s) = -s**2 - 7*s - 6. Suppose 0 = -16*f + 12*f - 16. What is the remainder when 10 is divided by i(f)?
4
Suppose 6 + 15 = -7*r. Calculate the remainder when 34 is divided by r + (-46)/(-14) + 122/14.
7
Let j = 49 - 25. What is the remainder when 29 is divided by -3*2/(-8)*j?
11
Let q(h) = -6*h**3 - 2*h**2 - h. Suppose -5*f = 2 + 3. Let u be q(f). Suppose 18 = -2*g + u*g. Calculate the remainder when 8 is divided by g.
2
Let u = -20 - -53. Calculate the remainder when u is divided by (6/((-60)/70))/((-2)/2).
5
Suppose 5*g + 2*c - 385 = 0, c + 4*c + 125 = 2*g. Let h = 84 - g. What is the remainder when h is divided by 7?
2
Let u = -32 - -32. Let g be (2 - (u - -2)) + 9. Suppose 3*v - 33 = g. What is the remainder when v is divided by 3?
2
Suppose -5 = -2*u + 19. Suppose 4*z = 4*k + 204, 2*z - 5*k - 155 = -z. What is the remainder when u is divided by 220/z + 2/(-5)?
0
Suppose m = -0*m - 2, 3*a + m = 319. Suppose 2*f = 3*y - 83, -3 = 3*f - 0*f. What is the remainder when a is divided by y?
26
Suppose 6*n = 2*n + 92. Suppose 89*p = -4232 + 11708. What is the remainder when p is divided by n?
15
Let p(k) = -3*k + 18. Let x be p(5). Suppose x*y + 89 - 230 = 0. Calculate the remainder when 234 is divided by y.
46
Suppose -4*d - 3 = -55. Let c(f) = f**3 + 18*f**2 + 17*f + 24. Let h be c(-17). What is the remainder when (-2 - 1) + -30*h/(-18) is divided by d?
11
Let q = -40 + 51. Suppose 13*n = q*n + 138. What is the remainder when n is divided by 24?
21
Calculate the remainder when 454 is divided by (-1)/(-11) + 2847/143.
14
Suppose -7*r = -28*r + 2835. What is the remainder when r is divided by 16?
7
Suppose -10*k = 46*k - 8288. Calculate the remainder when 176 is divided by k.
28
Let i(k) = 2*k - 4. Let z = -11 - -40. What is the remainder when z is divided by i(6)?
5
Let b = 14 - 8. Suppose b = 2*j - 4. Suppose y = -2*v + 69, -j*v + 2*y + 140 = -2*y. What is the remainder when v is divided by 11?
10
Let g = -625 + 692. Calculate the remainder when 602 is divided by g.
66
Suppose 5*c = 3*c - 178. Let k = c + 96. Calculate the remainder when 14 is divided by k.
0
Let t(i) = -i**2 - 8*i. Let l be t(-5). Suppose 20*q - l*q = 15. Calculate the remainder when 5 is divided by q.
2
Suppose 49*y = 57*y - 696. Calculate the remainder when y is divided by 30.
27
Suppose 2*u + 72 = -l - 2*u, 4*u = -16. Let v = 66 + l. Calculate the remainder when (24/(-2))/((-2)/3) is divided by v.
8
Let g(s) = -33*s + 7. Let b be g(8). Let x = b - -416. What is the remainder when x is divided by 23?
21
Let q(m) = 4*m**3 - 4*m**2 + 4*m + 1. Let s be q(2). Let r = 24 + s. Suppose -4*c + 16 = -24. Calculate the remainder when r is divided by c.
9
Let y(o) = -19*o + 44. Suppose 5*r = -0*r + 220. Calculate the remainder when r is divided by y(2).
2
Suppose -47*p - 558 = -49*p. Calculate the remainder when p is divided by 20.
19
Let w be 2/(-12)*2*-9. Suppose -v = -w*v + 62. Suppose 74*a = 44*a + 240. What is the remainder when v is divided by a?
7
Let f = -231 - -238. Suppose -2*o - 10 = -4*h + 2, 0 = 5*h - 5*o - 20. Suppose -f = -h*t + 21. Calculate the remainder when 96 is divided by t.
12
Suppose -18 = -10*j + 152. What is the remainder when 26 is divided by j?
9
Let x(d) = 2*d**2 + 7*d + 6. Let f(q) = -q**3 + 64*q**2 - 125*q + 67. What is the remainder when x(-4) is divided by f(62)?
0
Calculate the remainder when 130 is divided by (2 + -1)/(2/66).
31
Let y(d) = -3*d**2 + d**2 + 23*d - 14*d + 3*d**2 + 21. Calculate the remainder when 40 is divided by y(-9).
19
Let d be 8/(-4) - (-5 + (-1 - -2)). Suppose d*j - 53 = -17. What is the remainder when 33 is divided by j?
15
Let f = 11 + -8. Let t = -6 - 4. Let c = t + 19. What is the remainder when c is divided by f?
0
Suppose 0 = -7*b - 17 + 409. What is the remainder when b is divided by 4?
0
Let s = -1663 - -1672. What is the remainder when 157 is divided by s?
4
Let h(s) = -s**2 + 11*s + 30. Let o(d) = 3*d - 17. Let u be o(8). Let x = 36 + -26. Calculate the remainder when h(u) is divided by x.
8
Let n(v) = 7*v + 26. Let z be n(-4). Let b = 44 + z. What is the remainder when 164 is divided by b?
38
Let m(k) = -14*k + 18. Let a = -73 - -67. Calculate the remainder when m(a) is divided by 35.
32
What is the remainder when 76 is divided by 34/(-4)*(-18 + (11 - -1))?
25
Suppose -5*i + 26 = 2*y, -2*y + 6 = 2*i - 20. Suppose -260 = -y*l + 9*l. Calculate the remainder when l is divided by 0/1 + 0 - -17.
14
Let h(k) = 34*k - 2. Calculate the remainder when h(1) is divided by 3 - (-2 - 24/4).
10
Suppose 263 = 3*l - 4*z, -2*l - 3*z = -8*z - 166. Let g = 351 + -332. Calculate the remainder when l is divided by g.
17
Let j = 12 - 11. Let s(n) = 9 + j - n**2 + 1. Calculate the remainder when s(0) is divided by 7.
4
Let z(s) = s**2 - 6*s + 10. Let m be z(4). What is the remainder when 3 is divided by 1/(-4)*((-40)/5)/m?
0
Let j = 1 + 6. Suppose -14 = -j*d + 84. Suppose 3*x - 12 = -g, 0*x = -5*x - 3*g + 16. Calculate the remainder when d is divided by x.
4
Suppose -5*h = 8*y - 3*y - 6755, -5*h + 2*y + 6727 = 0. What is the remainder when h is divided by 54?
51
Let d be (((-18)/4)/(-3))/(5/10). Suppose -d*m - 69 = -5*s, 2*s - 9 = 5*m + 11. Calculate the remainder when 34 is divided by s.
4
Let u = 290 + -270. Calculate the remainder when 112 is divided by u.
12
What is the remainder when ((-5985)/(-684))/(((-6)/(-16))/3) is divided by 18?
16
Let l be 0/(-4 - 0) + 40. Suppose -z = 3*z - l. Suppose 19 = -z*o + 11*o. What is the remainder when o is divided by 5?
4
Let x(b) = 26*b**2 - 53*b + 240. Calculate the remainder when x(5) is divided by 33.
31
Suppose i - 298 = -4*t + t, -3*t - 5*i + 278 = 0. Let k = t + -39. Calculate the remainder when k is divided by 16.
14
Suppose 0 = -0*j + 3*j - 348. Suppose -14 + 98 = 2*a - 4*s, -2*a + 3*s = -83. Calculate the remainder when j is divided by a.
36
Suppose 129*v - 130*v + 23 = 0. Calculate the remainder when 66 is divided by v.
20
Suppose -128 = -4*d - 5*r, -5*d + 2*r = -r - 160. Let b(m) = 10*m - 13. Let y be b(4). Suppose -5*z = -2*z - y. What is the remainder when d is divided by z?
5
Suppose 4*h - 326 + 6 = 0. Suppose 10*l = 6*l + h. Suppose -4*t = 5*y - 75 - 93, -t - 5*y + 57 = 0. Calculate the remainder when t is divided by l.
17
Let f be (0 - 5)*(-6)/(-5). Let c = 22 + f. Calculate the remainder when 44 is divided by c.
12
Let q(p) = -2*p + 1. Let t be 2/(-2) + -1 - 0. Let w(r) = 2*r**2 - 2*r + 4. Calculate the remainder when q(t) is divided by w(1).
1
Suppose 0 = -h + 4*h - 4*p - 31, -2*h + 3*p + 21 = 0. What is the remainder when 77 - ((-2)/(-6) + (-3)/h) is divided by 24?
5
Suppose -5*n + 55 = 4*s, -n = -2*s + 3 + 14. What is the remainder when -1 - (-5)/s*206 is divided by 2